ommon factor of 34 and o?
17
Let j be 1*(2 + (1 - 1)). Let f be 4 - (-1 - j*-1). Suppose y + f*u = 6*u, 0 = 2*y - 3*u - 15. What is the greatest common divisor of 60 and y?
15
Suppose v - 4 + 2 = 0. Let n be ((-1)/v)/((-4)/24). Suppose 0 = -2*t + t + 3*w + 36, -4*t + 174 = n*w. What is the greatest common divisor of 6 and t?
6
Suppose -3*r + 30 = -0. Let s be (-3)/9 - 2/(-6). Suppose s = 5*f - 32 - 68. What is the greatest common factor of r and f?
10
Suppose -4*s = -32 - 40. Calculate the highest common divisor of s and 162.
18
Let y be 13 + -13 - (0 + -19). What is the highest common divisor of y and 171?
19
Let f be (28 - -3) + -3 + 16/(-4). What is the highest common divisor of 96 and f?
24
Suppose x = -s, x + 17 = 4*s + 2. Suppose b + s = 8. Suppose 0 = -4*v + 224 - 64. Calculate the highest common factor of v and b.
5
Suppose w - 4*d = 28, 4*w - 53 - 85 = 3*d. Suppose -9 = -3*h + 2*h. What is the highest common factor of w and h?
9
Let c(t) = -t + 1. Let y(w) = -w + 4. Let g(q) = 2*c(q) - y(q). Let f be g(0). Let l be 753/33 + f/(-11). Calculate the greatest common divisor of l and 115.
23
Suppose 4*f - 408 = 3*y - 0*y, 4*f - 416 = 5*y. What is the greatest common divisor of 11 and f?
11
Suppose 6*f - 3*f = 12. Suppose -f*j + 5*b + 30 = -6, -5*b - 4 = 4*j. Suppose 3*a = a + 10, 5*a = -h + 41. Calculate the highest common factor of j and h.
4
Let l = -63 + 147. Let z be (1/5 + 1)*10. Calculate the highest common divisor of z and l.
12
Suppose 0 = 5*q - 5*d - 45, 0*q + q + d = 3. Calculate the greatest common factor of q and 54.
6
Suppose -2*i - 5*d + 143 = 0, 8*i - 3*i = d + 425. Calculate the greatest common factor of 12 and i.
12
Suppose 4*v - 38 = -2*j + 44, -28 = -v - 3*j. What is the highest common factor of v and 114?
19
Suppose -4*t = -3*t. Let n = 2 - t. Let y be (-1)/(1/n) + 34. What is the highest common divisor of 16 and y?
16
Let x be 11/(3/(-78)*-2). Suppose 5*v - 4*m = -5 + 50, 4*m + 32 = 4*v. What is the highest common divisor of x and v?
13
Let u = 48 + -33. What is the highest common divisor of 45 and u?
15
Let t(a) = a + 12. Let d be 4/(-1 - (-6)/10). Let j be t(d). Calculate the greatest common divisor of j and 8.
2
Let w(a) = -27*a**3 + 3*a - 3. Let o be w(-2). Let m be 1 + (0 - 22)/(-1). Calculate the highest common factor of m and o.
23
Suppose i + 1 + 0 = 0. Let v(t) = 36*t**2 + t + 1. Let f be v(i). Suppose -11*k + 4*k + 28 = 0. Calculate the greatest common divisor of k and f.
4
Suppose 4*b + 1 - 21 = 4*x, -2*b + x + 9 = 0. Calculate the greatest common factor of b and 16.
4
Let o(a) = a**3 + 8*a**2 - 6*a. Let u be o(-8). What is the highest common divisor of u and 6?
6
Let c(j) = 6*j + 4. Suppose 5*x - 5*t - 2 = -3*t, -4*x + 2*t = 0. Let d be c(x). Calculate the greatest common factor of 144 and d.
16
Let m = -6 - -10. Suppose m*h = -37 + 165. Let u = 19 - 11. Calculate the greatest common factor of h and u.
8
Suppose -4*o + 127 = -d, 2*o - 4*d + 4 = 64. Suppose -4*s + 384 = o. Calculate the greatest common factor of 22 and s.
22
Let s = 50 - 26. Let w be 0 + 0 - (-10)/2. Suppose 0 = n - 0*r + r - 60, 60 = n + w*r. What is the highest common factor of n and s?
12
Let o be 286/10 + (-2)/(-5). Let k(p) = p**3 + 10*p**2 - 10*p - 15. Let t be k(-10). Suppose o - t = -4*m. Calculate the highest common factor of 56 and m.
14
Let j be ((-91)/35 + 1)/((-2)/110). What is the highest common factor of 22 and j?
22
Suppose 27 + 5 = 4*l. Let b = l + 2. Let i = 19 - 14. What is the greatest common factor of b and i?
5
Suppose -3*m + 0*m = 3*i - 9, 4*m - 8 = -3*i. Suppose l + i*l + 5 = 0, -8 = -2*k - 4*l. Suppose 4*q - 9 - 7 = 0. What is the greatest common divisor of k and q?
2
Suppose r + 65 = 6*r. Calculate the greatest common divisor of r and 13.
13
Let b = 6 + 3. Let w be (-17)/(2/((-12)/(-3))). Let p = -16 - w. What is the highest common factor of b and p?
9
Let l(n) = 2*n**2 + 3*n. Let k be l(8). Let b = -2 + 21. What is the highest common divisor of b and k?
19
Let w(o) = o**2 + o + 36. Let z be w(0). Suppose 2*d + 4*j = -0*d + 72, d - 3*j = z. Calculate the highest common divisor of d and 4.
4
Let g = -5 + 19. Calculate the highest common factor of g and 2.
2
Suppose 0 = 3*u + h - 14, -5*u + 2*h = -1 - 4. What is the greatest common divisor of u and 2?
1
Let j = 58 + -35. Let m = 532 + -302. Calculate the highest common divisor of m and j.
23
Suppose 6*o = o + 65. Suppose -22*u = -20*u - 26. What is the greatest common factor of o and u?
13
Suppose -a = 2*a + 24. Suppose -2*h - 2*q + 40 = -6*q, -h + q = -20. Let w = h + a. What is the highest common divisor of w and 60?
12
Suppose -4*d + 92 = 44. What is the greatest common divisor of 12 and d?
12
Let v = 62 - 37. Calculate the greatest common factor of v and 225.
25
Suppose -52 = -3*l - 4*t, -3*l - 5*t + 0*t = -56. Let v(d) = 2*d**3 - 3*d + 2. Let h be v(2). Calculate the greatest common factor of h and l.
12
Let g(l) = -5*l + 4*l + l + l. Let n = -1 + 3. Let v be g(n). What is the greatest common factor of 8 and v?
2
Suppose 0 = -3*m - 4*t + 28, t - 59 = -0*m - 4*m. Let q be 1/2 - (-446)/4. Calculate the greatest common factor of m and q.
16
Suppose 3*d = -2*d. Suppose 0*m + m - 6 = d. Calculate the highest common factor of 4 and m.
2
Suppose 0 = -0*y + 4*y - 2*z - 336, 5*z = y - 75. Suppose -3*h + 57 = -2*m, -5*h + 0*m + 97 = -4*m. What is the highest common factor of y and h?
17
Let p = -7 + 87. Calculate the greatest common factor of 32 and p.
16
Suppose 0*f - 156 = -4*f. Suppose -24 = -3*m + 4*c + 2, -f = -4*m + c. Let n = 36 + 14. Calculate the greatest common factor of n and m.
10
Let c = -22 - -34. Suppose -3*t + 4*t + c = 0. Let m be ((-81)/t)/((-3)/(-16)). Calculate the highest common divisor of 12 and m.
12
Let g = -16 - -30. What is the highest common factor of g and 70?
14
Let p = 83 + -43. What is the highest common factor of 320 and p?
40
Let l be 15/2*220/25. Calculate the highest common divisor of 22 and l.
22
Suppose 2*k + u - 90 = 3, -3 = -u. Calculate the greatest common divisor of k and 180.
45
Let p = -210 + 295. Calculate the highest common divisor of p and 34.
17
Let p(v) = 5*v - 4. Let i be p(5). What is the greatest common divisor of 84 and i?
21
Suppose 0 = -0*h + 2*h - 10. What is the greatest common factor of 45 and h?
5
Suppose 38 = 3*w - a - 27, -71 = -3*w + 4*a. Calculate the highest common divisor of 3 and w.
3
Suppose 20 = -p - 7. Let m = p + 47. Calculate the greatest common factor of 10 and m.
10
Let x(w) = w**2 - w - 4. Let k be x(4). What is the highest common divisor of k and 4?
4
Suppose -3*g - 3*r + 19 = -2*r, 5*g = 4*r + 26. What is the highest common factor of 3 and g?
3
Let i = -6 + 8. Let m be 8 - (0/i - 1). What is the greatest common factor of 27 and m?
9
Suppose -152*n = -151*n - 9. What is the highest common factor of n and 225?
9
Let c be 4/(-10) + (-64)/(-10). Suppose -2*a = -c*a + 20. Suppose 0 = a*s - s - 300. What is the greatest common divisor of s and 15?
15
Let j be 130/6 - 8/(-24). What is the greatest common divisor of 242 and j?
22
Let g = -360 + 514. What is the greatest common factor of g and 14?
14
Let y be (0 + 3)/((-6)/(-4)). Suppose -y*f = 5*c + f - 101, 0 = c - 3*f - 31. Calculate the greatest common factor of c and 55.
11
Let y be 3/6 + (-55)/(-2). Let d be (140/(-6))/((-2)/6). What is the greatest common factor of y and d?
14
Let f = 8 - 1. Let c be 2*(2 + 6/4). Calculate the highest common divisor of c and f.
7
Let z(r) = -3*r**3 + 3*r**2 - 1. Let g be z(-2). Calculate the highest common divisor of 14 and g.
7
Suppose 3*d = -5*h + 189, -2*d + 9 = 3. Let b be 5*(-6)/(-10)*8. What is the greatest common factor of h and b?
12
Let l = 35 + -27. What is the greatest common divisor of 88 and l?
8
Let c be -6 - -33 - (-1)/((-2)/6). What is the highest common divisor of 6 and c?
6
Suppose -4*p + 3*s + 40 = -2, 2*p - 26 = 4*s. Calculate the highest common divisor of p and 27.
9
Let h(l) = l**3 - 10*l**2 + l + 1. Let j(t) = 2*t**2 - 4*t + 4. Let x be j(3). Let o be h(x). What is the highest common divisor of o and 11?
11
Let f be 0 - (1 + -2*43). Let k be ((-2)/6)/((-1)/3). Suppose s = -k + 3, 106 = 3*q + 2*s. Calculate the highest common divisor of f and q.
17
Suppose 5*s = 3*s + 4. Let w(p) = -4*p**2 +